{"id":24,"date":"2020-01-11T10:01:37","date_gmt":"2020-01-11T10:01:37","guid":{"rendered":"https:\/\/praxisfuerpsychotherapie-luft.de\/?page_id=24"},"modified":"2020-05-01T15:48:59","modified_gmt":"2020-05-01T15:48:59","slug":"news","status":"publish","type":"page","link":"https:\/\/praxisfuerpsychotherapie-luft.de\/?page_id=24","title":{"rendered":"Corona Update"},"content":{"rendered":"\n<figure class=\"wp-block-image size-large\"><img loading=\"lazy\" decoding=\"async\" width=\"1024\" height=\"229\" src=\"https:\/\/praxisfuerpsychotherapie-luft.de\/wp-content\/uploads\/2020\/05\/HPPjedeSeite-1024x229.jpg\" alt=\"\" class=\"wp-image-141\" srcset=\"https:\/\/praxisfuerpsychotherapie-luft.de\/wp-content\/uploads\/2020\/05\/HPPjedeSeite-1024x229.jpg 1024w, https:\/\/praxisfuerpsychotherapie-luft.de\/wp-content\/uploads\/2020\/05\/HPPjedeSeite-300x67.jpg 300w, https:\/\/praxisfuerpsychotherapie-luft.de\/wp-content\/uploads\/2020\/05\/HPPjedeSeite-768x172.jpg 768w, https:\/\/praxisfuerpsychotherapie-luft.de\/wp-content\/uploads\/2020\/05\/HPPjedeSeite-1536x343.jpg 1536w, https:\/\/praxisfuerpsychotherapie-luft.de\/wp-content\/uploads\/2020\/05\/HPPjedeSeite-2048x457.jpg 2048w, https:\/\/praxisfuerpsychotherapie-luft.de\/wp-content\/uploads\/2020\/05\/HPPjedeSeite-150x34.jpg 150w\" sizes=\"auto, (max-width: 1024px) 100vw, 1024px\" \/><\/figure>\n\n\n\n<p>Die Corona Pandemie stellt uns vor gro\u00dfe Herausforderungen und viele Menschen sind derzeit aufgrund der aktuellen Entwicklungen sehr verunsichert.<\/p>\n\n\n\n<p>Diese Praxis z\u00e4hlt als Einrichtung des Gesundheitswesens zur medizinischen Grundversorgung und wird in der aktuellen Zeit f\u00fcr Sie ge\u00f6ffnet sein. Es handelt sich um eine reine Bestellpraxis ohne Wartezeiten in einem Wartezimmer und ohne Kontakt mit anderen Personen.<\/p>\n\n\n\n<p>Den aktuellen Vorgaben folgend, ist <strong><span style=\"color:#ecdf7a\" class=\"has-inline-color\">k\u00f6rperlicher Abstand von 2 Metern<\/span><\/strong> selbstverst\u00e4ndlich. Auch werden wir uns nicht die H\u00e4nde geben. Nach jedem Termin werden alle Kontaktfl\u00e4chen<strong>&nbsp;<span style=\"color:#ecdf7a\" class=\"has-inline-color\">desinfiziert<\/span><\/strong>&nbsp;und der Praxisraum gut gel\u00fcftet. Wenn Sie sich&nbsp;<strong><span style=\"color:#ecdf7a\" class=\"has-inline-color\">krank oder erk\u00e4ltet f\u00fchlen<\/span><\/strong>, oder Sie Kontakt mit einer infizierten Person hatten, kommen Sie bitte&nbsp;<strong><span style=\"color:#ecdf7a\" class=\"has-inline-color\">nicht in die Praxis<\/span><\/strong>.<\/p>\n","protected":false},"excerpt":{"rendered":"<p>Die Corona Pandemie stellt uns vor gro\u00dfe Herausforderungen und viele Menschen sind derzeit aufgrund der aktuellen Entwicklungen sehr verunsichert. Diese Praxis z\u00e4hlt als Einrichtung des Gesundheitswesens zur medizinischen Grundversorgung und wird in der aktuellen Zeit f\u00fcr Sie ge\u00f6ffnet sein. Es handelt sich um eine reine Bestellpraxis ohne Wartezeiten in einem&#8230;<\/p>\n<p class=\"continue-reading-button\"> <a class=\"continue-reading-link\" href=\"https:\/\/praxisfuerpsychotherapie-luft.de\/?page_id=24\">Continue reading<i class=\"crycon-right-dir\"><\/i><\/a><\/p>\n","protected":false},"author":1,"featured_media":0,"parent":0,"menu_order":0,"comment_status":"closed","ping_status":"closed","template":"","meta":{"footnotes":""},"class_list":["post-24","page","type-page","status-publish","hentry"],"_links":{"self":[{"href":"https:\/\/praxisfuerpsychotherapie-luft.de\/index.php?rest_route=\/wp\/v2\/pages\/24","targetHints":{"allow":["GET"]}}],"collection":[{"href":"https:\/\/praxisfuerpsychotherapie-luft.de\/index.php?rest_route=\/wp\/v2\/pages"}],"about":[{"href":"https:\/\/praxisfuerpsychotherapie-luft.de\/index.php?rest_route=\/wp\/v2\/types\/page"}],"author":[{"embeddable":true,"href":"https:\/\/praxisfuerpsychotherapie-luft.de\/index.php?rest_route=\/wp\/v2\/users\/1"}],"replies":[{"embeddable":true,"href":"https:\/\/praxisfuerpsychotherapie-luft.de\/index.php?rest_route=%2Fwp%2Fv2%2Fcomments&post=24"}],"version-history":[{"count":7,"href":"https:\/\/praxisfuerpsychotherapie-luft.de\/index.php?rest_route=\/wp\/v2\/pages\/24\/revisions"}],"predecessor-version":[{"id":149,"href":"https:\/\/praxisfuerpsychotherapie-luft.de\/index.php?rest_route=\/wp\/v2\/pages\/24\/revisions\/149"}],"wp:attachment":[{"href":"https:\/\/praxisfuerpsychotherapie-luft.de\/index.php?rest_route=%2Fwp%2Fv2%2Fmedia&parent=24"}],"curies":[{"name":"wp","href":"https:\/\/api.w.org\/{rel}","templated":true}]}}

<figure class="wp-block-image size-large"><img loading="lazy" decoding="async" width="1024" height="229" src="https://praxisfuerpsychotherapie-luft.de/wp-content/uploads/2020/05/HPPjedeSeite-1024x229.jpg" alt="" class="wp-image-141" srcset="https://praxisfuerpsychotherapie-luft.de/wp-content/uploads/2020/05/HPPjedeSeite-1024x229.jpg 1024w, https://praxisfuerpsychotherapie-luft.de/wp-content/uploads/2020/05/HPPjedeSeite-300x67.jpg 300w, https://praxisfuerpsychotherapie-luft.de/wp-content/uploads/2020/05/HPPjedeSeite-768x172.jpg 768w, https://praxisfuerpsychotherapie-luft.de/wp-content/uploads/2020/05/HPPjedeSeite-1536x343.jpg 1536w, https://praxisfuerpsychotherapie-luft.de/wp-content/uploads/2020/05/HPPjedeSeite-2048x457.jpg 2048w, https://praxisfuerpsychotherapie-luft.de/wp-content/uploads/2020/05/HPPjedeSeite-150x34.jpg 150w" sizes="auto, (max-width: 1024px) 100vw, 1024px" /></figure>



<p>Die Corona Pandemie stellt uns vor große Herausforderungen und viele Menschen sind derzeit aufgrund der aktuellen Entwicklungen sehr verunsichert.</p>



<p>Diese Praxis zählt als Einrichtung des Gesundheitswesens zur medizinischen Grundversorgung und wird in der aktuellen Zeit für Sie geöffnet sein. Es handelt sich um eine reine Bestellpraxis ohne Wartezeiten in einem Wartezimmer und ohne Kontakt mit anderen Personen.</p>



<p>Den aktuellen Vorgaben folgend, ist <strong><span style="color:#ecdf7a" class="has-inline-color">körperlicher Abstand von 2 Metern</span></strong> selbstverständlich. Auch werden wir uns nicht die Hände geben. Nach jedem Termin werden alle Kontaktflächen<strong>&nbsp;<span style="color:#ecdf7a" class="has-inline-color">desinfiziert</span></strong>&nbsp;und der Praxisraum gut gelüftet. Wenn Sie sich&nbsp;<strong><span style="color:#ecdf7a" class="has-inline-color">krank oder erkältet fühlen</span></strong>, oder Sie Kontakt mit einer infizierten Person hatten, kommen Sie bitte&nbsp;<strong><span style="color:#ecdf7a" class="has-inline-color">nicht in die Praxis</span></strong>.</p>

<p>Die Corona Pandemie stellt uns vor große Herausforderungen und viele Menschen sind derzeit aufgrund der aktuellen Entwicklungen sehr verunsichert. Diese Praxis zählt als Einrichtung des Gesundheitswesens zur medizinischen Grundversorgung und wird in der aktuellen Zeit für Sie geöffnet sein. Es handelt sich um eine reine Bestellpraxis ohne Wartezeiten in einem&#8230;</p>
<p class="continue-reading-button"> <a class="continue-reading-link" href="https://praxisfuerpsychotherapie-luft.de/?page_id=24">Continue reading<i class="crycon-right-dir"></i></a></p>
